rs of g?
2, 3, 41, 139
What are the prime factors of (270/(-20) + 13)/(2/116)*-444?
2, 3, 29, 37
List the prime factors of ((-105305)/15)/(19 + (-230)/12).
2, 21061
Let h(r) = 20380*r**2 + 105*r + 107. List the prime factors of h(-1).
2, 3, 43, 79
Suppose -48*s + 21601 + 97535 = 0. List the prime factors of s.
2, 17, 73
Let d(m) be the second derivative of -m**5/20 - 5*m**4/4 - m**3 - 15*m**2 - m. Let a(c) = -c - 33. Let z be a(-18). List the prime factors of d(z).
2, 3, 5
Let l = -1997 - -4689. What are the prime factors of l?
2, 673
Suppose -15605 = -18*y + 168355. What are the prime factors of y?
2, 5, 7, 73
Suppose -420 = 128*m - 126*m. Let d = 241 - m. List the prime factors of d.
11, 41
Let j = 1363 + 2664. What are the prime factors of j?
4027
Suppose -23*y + 12*y + 61754 = -4*y. What are the prime factors of y?
2, 11, 401
Suppose 27*x + 610921 = 52*x - 18704. List the prime factors of x.
3, 5, 23, 73
Suppose -47*a - 192469 = -3*q - 49*a, -2*q + 4*a + 128302 = 0. List the prime factors of q.
3, 5, 7, 13, 47
Let j(k) = -k**3 - 11*k**2 - k - 5. Let r be j(7). Let z = -623 - r. What are the prime factors of z?
271
Let q(b) = -25*b**3 - b - 7. Let m(a) = -50*a**3 + a**2 - 3*a - 14. Let s(o) = 3*m(o) - 5*q(o). What are the prime factors of s(-2)?
3, 71
Let l = -81809 + 153042. List the prime factors of l.
71233
Suppose 3*q - 8*q + 3220 = 0. Suppose o - q = -3*o. List the prime factors of o.
7, 23
Let i(q) = -2*q**3 - 5*q**2 - 10. Let r(y) = -4*y**3 - 11*y**2 - y - 19. Let h(t) = -9*i(t) + 4*r(t). List the prime factors of h(5).
269
Let f be -2 - (-141 + ((-60)/(-3))/(-5)). Suppose -24 = -a - 4*c + f, -576 = -3*a + 3*c. List the prime factors of a.
11, 17
Let o = 31 + -29. Let x be 1/(1/(o/2)). Let u(l) = 12*l - 2. What are the prime factors of u(x)?
2, 5
Suppose -g + 30830 = 3*o - 4274, 3*o - 35124 = 3*g. What are the prime factors of o?
3, 47, 83
Let u be -10*2/(-4) - (-19 + -2946). What are the prime factors of 0 + -2 - -2 - u/(-33)?
2, 3, 5
Let z(r) = -r + 3. Let b be z(7). Let v be 2*57/b*(-2)/(-3). What are the prime factors of (3/(-4))/(v/(-4) - 5)?
3
Suppose -3*g - 4*v = -224, -10*g + 5*g - 3*v = -377. What are the prime factors of 10004/50 + g/(-950)?
2, 5
Let h be 16/(6 - 2) - 2. Let p(c) = -c**3 + 2*c**2 + 3. Let s be p(h). Suppose 5 = l, -7*l + 132 = 4*v - s*l. List the prime factors of v.
2, 7
Let y(i) = 16*i**3 - 22*i**2 - 27*i + 213. List the prime factors of y(9).
2, 3, 821
Let h(v) = 4*v - 156. Let z be h(40). Suppose 4*q - 1880 = -z*w, -15*w - 2360 = -20*w + 5*q. List the prime factors of w.
3, 157
Suppose -418*w = -96*w - 9746940. List the prime factors of w.
2, 3, 5, 1009
Let w(h) = 6*h**2 + h - 9. Let z = 47 - 43. Suppose -r + 0 = z. What are the prime factors of w(r)?
83
Suppose -112*w + 113*w - 15176 = -2*n, 0 = -4*n - 16. What are the prime factors of w?
2, 13, 73
Let s be (1/2)/(3/1944*4). Suppose 219 = -80*v + s*v. List the prime factors of v.
3, 73
Let n(h) = 7*h**2 - 37*h + 614. What are the prime factors of n(57)?
2, 83
Suppose 0 = 91*d - 92*d + 2673. List the prime factors of d.
3, 11
Let v(l) = 11*l**3 - 6*l**2 + 12*l + 23. Let b(d) = -25*d**3 + 12*d**2 - 24*d - 46. Let p(o) = 4*b(o) + 9*v(o). What are the prime factors of p(-8)?
5, 11
Suppose -8*t = t - 13113. Suppose -3*p + t = 5*w + 17, -p + 1450 = 5*w. What are the prime factors of w?
3, 97
Let w = -794 - -1454. Suppose 22*i = 24*i - 208. Suppose -99*y = -i*y + w. List the prime factors of y.
2, 3, 11
Let a(z) = 2*z**2 - 12*z - 10. Let m be a(7). Suppose 0 = 2*f, -5*f - 298 = -m*s + 390. What are the prime factors of -6*s/8*-1?
3, 43
Suppose -2*t + 82 = -2*h, 3*h + 40 = 2*t - 45. Suppose t*m - 17416 = 10*m. List the prime factors of m.
2, 311
Let x(m) = 16*m**2 + 12*m + 14. Let r(k) = -k**2 - 1. Let t(f) = 8*r(f) + x(f). List the prime factors of t(5).
2, 7, 19
Let j(k) = 3*k**3 - 8*k**2 - 4. Let a be j(3). Suppose 0 = a*g + 96 - 2281. List the prime factors of g.
19, 23
Let g = -382 + 25. Let l be g/(-68) - 2/8. Let v(n) = 2*n**3 - n**2 - 2*n - 1. What are the prime factors of v(l)?
2, 107
Let n = 747 + -197. Suppose 6*b - 8*b + n = 0. What are the prime factors of b?
5, 11
Let j = 350 - -967. List the prime factors of j.
3, 439
Let c(r) be the third derivative of 19*r**5/60 - 23*r**4/24 + 28*r**3/3 - 29*r**2. What are the prime factors of c(7)?
2, 7, 59
Let n(t) = -t**3 - 3*t**2 + 11*t + 7. Let w be n(-5). Suppose -x = -l + 2*x + 3, 2*x - 2 = w*l. List the prime factors of (l + 50)*(0 + -2 - -3).
47
Suppose 80 = -3*g - 5*r, -5*r + 52 = -3*g - 3*r. Let v(z) = 5*z - 28. Let k be v(11). Let w = k - g. What are the prime factors of w?
47
Let o be (2/(-6)*4)/(14/(-21)). Suppose -4*k + o*k = -522. What are the prime factors of k?
3, 29
List the prime factors of 124719/18 + 105/(-126).
2, 433
Let o(g) = -g - 3. Suppose -3 = -a, a + 3*a = u + 17. Let t be o(u). List the prime factors of (-178)/4*(0 - t).
89
Let c = -240 + 246. List the prime factors of 8/(-16)*c + (-212)/(-1).
11, 19
Let t = 177 + -170. Suppose t*m - 19980 = -5*m. List the prime factors of m.
3, 5, 37
Let v(h) = -2075*h**3 + h**2 + 101*h + 201. What are the prime factors of v(-2)?
16603
Suppose 3458 - 42267 = -3*s - 4*u, -2*s + 4*u = -25866. List the prime factors of s.
5, 13, 199
Let p(o) = -2. Let u(b) = b - 9. Let r(v) = -6*p(v) + 2*u(v). Let m be r(6). What are the prime factors of (m/(-15))/(2/10) - -27?
5
Let c(v) = 3*v - 23. Let g be c(7). Let f be -18 - (-3)/g*44/(-33). What are the prime factors of f/(1*(-2)/13)?
2, 13
Suppose 4*y + 5*c = 18195, -y = 3*c - 2642 - 1912. What are the prime factors of y?
3, 5, 101
Suppose -q = q + 4*z - 42, -q - 4 = -3*z. Let f be ((-4)/(-10))/(q/11330). Let a = f - 268. List the prime factors of a.
2, 3
Let q be (-1)/((-7)/(21/6))*60. Let x be ((-4)/(-6))/(10/q). Suppose a + x*m - 124 = -0*a, 0 = 4*a + 5*m - 499. What are the prime factors of a?
2, 3, 7
Let p(r) = -97*r**3 - r**2 + r - 9. Let t be p(-3). Suppose 5241 = l + 3*l + k, -2*l + t = -4*k. List the prime factors of l.
7, 11, 17
Suppose 5*o + 3*r + 3475 = 0, -92 = o + 2*r + 603. Let i = o - -377. Let j = i - -469. List the prime factors of j.
151
Suppose -a - a = -660. Suppose 0*z - l = 3*z - a, -z + 100 = -3*l. Suppose -5*s - z = -3*u - 0*u, 4*s - 25 = -u. What are the prime factors of u?
3, 11
Let p(r) = 104*r - 75. Let g be p(8). Let t = 27 + g. List the prime factors of t.
2, 7
Suppose -7*k = 9*k + 14320. Let b = 1263 + k. List the prime factors of b.
2, 23
List the prime factors of ((-1056)/((-4)/2))/(60/160).
2, 11
Suppose 0 = -p + 2*g + 3150, 15*p - 9460 = 12*p + 4*g. What are the prime factors of p?
2, 5, 79
What are the prime factors of 1026/855 + 522128/10?
2, 26107
Let r = 78 - 80. Let v be (5 - -31 - r)*14. Suppose v = 3*y + 4*y. What are the prime factors of y?
2, 19
Let o = 304 - 298. List the prime factors of 3 - (o - (-6 - -275)).
2, 7, 19
Suppose -59*t - 7*t + 4098075 = 35*t. List the prime factors of t.
3, 5, 541
Let w(z) = 33*z**3 - 18*z**2 + 126*z - 9. List the prime factors of w(7).
2, 3, 5, 13, 29
Let a = -25782 - -85625. List the prime factors of a.
7, 83, 103
What are the prime factors of (-218 - 1)*32/(-21 + -11)?
3, 73
Suppose 25*j = 1342838 - 107088. What are the prime factors of j?
2, 5, 4943
Suppose -12*g + 112504 - 77729 = -102121. What are the prime factors of g?
2, 23, 31
Suppose 5*l - 4*q - 129 = 0, -2*q = 3*l - 5*q - 78. Let h = -20 + l. What are the prime factors of h/(-20) + 2 + (-634)/(-8)?
3
Let p be (10/(-15)*-33)/1. Let c(v) = -v**3 + 22*v**2 + 5*v - 55. List the prime factors of c(p).
5, 11
What are the prime factors of (-110716)/(-8) + 112/32 + -3?
2, 5, 173
Let t be 56/35 + (-103796)/35. What are the prime factors of (-220)/(-66)*t/(-10)?
2, 13, 19
Suppose 0 = -v - 3*v - 5*y - 117, -v - 29 = y. Let i = v + 31. Suppose 0 = 4*a + k - 740, 8*a - i*a + k - 926 = 0. List the prime factors of a.
2, 3, 31
Let x(b) = 11*b + 217. Let l = 10 + 7. List the prime factors of x(l).
2, 101
Suppose 3895 - 40135 = -24*l. List the prime factors of l.
2, 5, 151
Let h(o) = 44*o + 9. Let g be h(21). Suppose u = 4, -g - 917 = -5*z - 5*u. List the prime factors of z.
2, 3, 61
Let n be -11*((-18)/(-5))/((-102)/7820). Suppose 14*c - 20*c = -n. List the prime factors of c.
2, 1